
Is 72 a multiple of 24?
True
Is 3711 a multiple of 139?
False
Is 9249 a multiple of 2?
False
Does 159 divide 19716?
True
Is 408 a multiple of 51?
True
Is 12101 a multiple of 30?
False
Does 107 divide 10988?
False
Is 40 a factor of 535?
False
Is 5 a factor of 5291?
False
Is 169 a multiple of 13?
True
Is 21 a factor of 7407?
False
Is 32 a factor of 3084?
False
Is 46 a factor of 3865?
False
Is 15023 a multiple of 23?
False
Does 14 divide 4554?
False
Is 12 a factor of 3792?
True
Is 26 a factor of 1818?
False
Does 115 divide 35276?
False
Does 139 divide 2442?
False
Is 80 a factor of 720?
True
Is 2193 a multiple of 17?
True
Is 326 a factor of 20924?
False
Does 4 divide 5974?
False
Is 193 a factor of 33432?
False
Is 18 a factor of 5148?
True
Is 1845 a multiple of 41?
True
Is 196 a multiple of 19?
False
Is 637 a multiple of 20?
False
Is 49 a factor of 1911?
True
Is 171 a factor of 10716?
False
Is 16 a factor of 352?
True
Is 18 a factor of 20320?
False
Is 28 a factor of 2646?
False
Does 45 divide 7390?
False
Is 48 a factor of 948?
False
Is 361 a multiple of 90?
False
Does 10 divide 4979?
False
Is 1570 a multiple of 51?
False
Is 1644 a multiple of 5?
False
Is 90 a factor of 3420?
True
Is 6 a factor of 752?
False
Does 21 divide 656?
False
Is 171 a factor of 9054?
False
Is 48 a multiple of 4?
True
Is 12 a factor of 7560?
True
Does 8 divide 320?
True
Is 33 a factor of 148?
False
Is 999 a multiple of 13?
False
Is 1081 a multiple of 19?
False
Is 45537 a multiple of 273?
False
Does 15 divide 1680?
True
Does 13 divide 32927?
False
Is 240 a multiple of 6?
True
Does 13 divide 6403?
False
Is 6813 a multiple of 119?
False
Is 1564 a multiple of 17?
True
Is 10 a factor of 120?
True
Does 22 divide 878?
False
Is 40 a factor of 631?
False
Is 8633 a multiple of 20?
False
Is 10 a factor of 21240?
True
Is 10 a factor of 49414?
False
Is 1368 a multiple of 12?
True
Does 59 divide 944?
True
Does 78 divide 494?
False
Is 59 a factor of 79863?
False
Is 56331 a multiple of 33?
True
Is 2390 a multiple of 9?
False
Is 416 a multiple of 17?
False
Is 11 a factor of 37169?
True
Is 1082 a multiple of 4?
False
Is 4440 a multiple of 63?
False
Is 62674 a multiple of 129?
False
Is 85608 a multiple of 174?
True
Does 93 divide 3813?
True
Does 16 divide 525?
False
Is 6250 a multiple of 10?
True
Is 83 a factor of 1182?
False
Does 30 divide 1020?
True
Does 93 divide 1581?
True
Is 31 a factor of 855?
False
Is 8890 a multiple of 70?
True
Is 16 a factor of 3068?
False
Does 10 divide 24496?
False
Does 59 divide 13071?
False
Is 18699 a multiple of 4?
False
Does 6 divide 1370?
False
Is 14 a factor of 1022?
True
Does 9 divide 1035?
True
Is 10222 a multiple of 38?
True
Does 363 divide 62367?
False
Is 10 a factor of 253?
False
Is 22 a factor of 40986?
True
Is 6188 a multiple of 91?
True
Is 20 a factor of 6220?
True
Does 15 divide 6435?
True
Does 16 divide 649?
False
Is 18534 a multiple of 36?
False
Is 23 a factor of 2185?
True
Is 13 a factor of 689?
True
Is 221 a multiple of 7?
False
Does 4 divide 72?
True
Is 3687 a multiple of 23?
False
Is 5962 a multiple of 7?
False
Is 24 a multiple of 4?
True
Is 52 a factor of 58500?
True
Is 916 a multiple of 9?
False
Is 485 a multiple of 15?
False
Is 2400 a multiple of 16?
True
Is 10 a factor of 600?
True
Is 2280 a multiple of 5?
True
Is 816 a multiple of 48?
True
Does 364 divide 44408?
True
Is 815 a multiple of 61?
False
Is 32836 a multiple of 145?
False
Is 13 a factor of 11856?
True
Is 12 a factor of 1008?
True
Is 20 a factor of 14540?
True
Is 5 a factor of 6585?
True
Is 71 a factor of 794?
False
Does 27 divide 46953?
True
Does 8 divide 3992?
True
Is 5 a factor of 125?
True
Is 47 a factor of 1504?
True
Is 7 a factor of 13610?
False
Is 77515 a multiple of 185?
True
Is 11016 a multiple of 88?
False
Is 26 a factor of 33094?
False
Is 11 a factor of 549?
False
Is 664 a multiple of 22?
False
Is 2803 a multiple of 20?
False
Is 231 a multiple of 28?
False
Does 6 divide 126?
True
Is 1359 a multiple of 7?
False
Is 1255 a multiple of 45?
False
Is 6 a factor of 135?
False
Does 253 divide 22264?
True
Is 36 a factor of 8146?
False
Is 1040 a multiple of 40?
True
Does 26 divide 975?
False
Is 1688 a multiple of 4?
True
Is 282 a factor of 40905?
False
Is 37 a factor of 11544?
True
Is 23 a factor of 25204?
False
Is 18135 a multiple of 155?
True
Is 3196 a multiple of 86?
False
Is 8 a factor of 94000?
True
Is 2 a factor of 42?
True
Is 6 a factor of 7632?
True
Is 720 a multiple of 20?
True
Is 23 a factor of 19429?
False
Is 124 a factor of 7598?
False
Is 11030 a multiple of 81?
False
Is 36 a factor of 1131?
False
Does 16 divide 45616?
True
Does 63 divide 13860?
True
Is 4970 a multiple of 5?
True
Is 475 a multiple of 4?
False
Does 14 divide 69?
False
Is 64 a factor of 6380?
False
Is 59 a multiple of 8?
False
Does 22 divide 836?
True
Does 3 divide 255?
True
Is 32696 a multiple of 134?
True
Is 56256 a multiple of 64?
True
Is 14377 a multiple of 48?
False
Is 244 a factor of 3583?
False
Is 83 a factor of 4517?
False
Is 693 a multiple of 68?
False
Is 15 a factor of 1590?
True
Is 1185 a multiple of 18?
False
Is 2580 a multiple of 30?
True
Is 11 a factor of 1986?
False
Is 17 a factor of 401?
False
Is 6 a factor of 2623?
False
Is 17 a factor of 2077?
False
Is 39 a factor of 2886?
True
Does 17 divide 82?
False
Is 74 a factor of 4588?
True
Does 63 divide 2984?
False
Is 552 a multiple of 12?
True
Is 4 a factor of 1955?
False
Is 3 a factor of 107?
False
Is 15240 a multiple of 10?
True
Does 49 divide 17150?
True
Is 17 a factor of 14759?
False
Is 74 a factor of 1279?
False
Is 597 a multiple of 12?
False
Does 12 divide 28440?
True
Is 12040 a multiple of 70?
True
Is 28 a factor of 672?
True
Is 343 a multiple of 8?
False
Is 11 a factor of 4081?
True
Is 144 a multiple of 24?
True
Is 47 a factor of 61993?
True
Does 12 divide 2466?
False
Does 9 divide 24149?
False
Is 9256 a multiple of 52?
True
Is 55 a factor of 3478?
False
Is 9 a factor of 27?
True
Does 86 divide 1368?
False
Is 12 a factor of 2940?
True
Does 211 divide 20621?
False
Does 16 divide 1552?
True
Is 2790 a multiple of 9?
True
Does 16 divide 3088?
True
Is 1434 a multiple of 14?
False
Is 8571 a multiple of 32?
False
Is 16319 a multiple of 110?
False
Does 153 divide 87210?
True
Is 243 a factor of 30726?
False
Is 42596 a multiple of 242?
False
Is 6843 a multiple of 7?
False
Does 56 divide 112091?
False
Is 48 a factor of 6330?
False
Is 54447 a multiple of 292?
False
Is 77 a factor of 4004?
True
Is 29 a factor of 638?
True
Is 7 a factor of 13965?
True
Does 49 divide 34596?
False
Is 3936 a multiple of 70?
False
Is 145 a multiple of 29?
True
Does 109 divide 9353?
False
Is 6447 a multiple of 57?
False
Does 3 divide 1880?
False
Does 21 divide 36582?
True
Is 2632 a multiple of 95?
False
Is 6 a factor of 3168?
True
Is 64 a multiple of 4?
True
Is 14422 a multiple of 89?
False
Does 39 divide 2419?
False
Is 970 a multiple of 151?
False
Is 3 a factor of 492?
True
Is 16811 a multiple of 17?
False
Is 9039 a multiple of 69?
True
Does 19 divide 722?
True
Is 1768 a multiple of 23?
False
Is 4 a factor of 29278?
False
Is 1674 a multiple of 30?
False
Is 30 a factor of 2456?
False
Does 17 divide 3247?
True
Is 2567 a multiple of 40?
False
Is 11 a factor of 1111?
True
Is 10630 a multiple of 11?
False
Is 407 a multiple of 9?
False
Is 2449 a multiple of 8?
False
Is 72 a factor of 792?
True
Does 8 divide 325?
False
Does 14 divide 3491?
False
Does 4 divide 1258?
False
Is 76 a multiple of 4?
True
Does 5 divide 998?
False
Is 146016 a multiple of 338?
True
Is 11 a factor of 77?
True
Does 223 divide 22215?
False
Is 56608 a multiple of 8?
True
Is 54870 a multiple of 186?
True
Does 30 divide 6210?
True
Is 246 a factor of 16974?
True
Does 18 divide 774?
True
Does 24 divide 3960?
True
Does 9 divide 28?
False
Is 44682 a multiple of 66?
True
Is 2 a factor of 5169?
False
Does 85 divide 3761?
False
Does 9 divide 31?
False
Is 13992 a multiple of 5?
False
Is 1672 a multiple of 19?
True
Does 12 divide 245?
False
Is 32 a factor of 352?
True
Does 18 divide 161?
False
Does 103 divide 6797?
False
Is 10858 a multiple of 212?
False
Is 22 a factor of 1620?
False
Is 40 a factor of 1364?
False
Does 24 divide 85224?
True
Does 16 divide 786?
False
Is 5947 a multiple of 83?
False
Is 4792 a multip